{"id":148,"date":"2017-08-28T13:19:19","date_gmt":"2017-08-28T11:19:19","guid":{"rendered":"http:\/\/localhost\/~ben\/wordpress-4.8-fr_FR\/wordpress\/?page_id=148"},"modified":"2017-09-25T22:20:06","modified_gmt":"2017-09-25T20:20:06","slug":"le-village","status":"publish","type":"page","link":"https:\/\/aletlesbains.com\/site\/le-village\/?lang=fr","title":{"rendered":"Le village"},"content":{"rendered":"<img loading=\"lazy\" decoding=\"async\" class=\"size-medium wp-image-197\" src=\"http:\/\/localhost\/~ben\/wordpress-4.8-fr_FR\/wordpress\/wp-content\/uploads\/2017\/08\/arcadesL-300x225.jpg\" alt=\"\" width=\"300\" height=\"225\" srcset=\"https:\/\/aletlesbains.com\/site\/wp-content\/uploads\/2017\/08\/arcadesL-300x225.jpg 300w, https:\/\/aletlesbains.com\/site\/wp-content\/uploads\/2017\/08\/arcadesL-768x576.jpg 768w, https:\/\/aletlesbains.com\/site\/wp-content\/uploads\/2017\/08\/arcadesL-1024x768.jpg 1024w\" sizes=\"auto, (max-width: 300px) 100vw, 300px\" \/><\/p>\n<p>Entre nature, culture et patrimoine, le village d\u2019Alet les bains propose un cadre agr\u00e9able et relaxant pour les vacances en famille ou entre amis.<\/p>\n<p>Alet les bains se situe \u00e0 une trentaine de kilom\u00e8tres au sud de la cit\u00e9 de Carcassonne et \u00e0 8 kilom\u00e8tres en amont de Limoux. La cit\u00e9 d\u2019Alet les bains se niche au c\u0153ur d\u2019un relief montagneux culminant jusqu\u2019\u00e0 750 m\u00e8tres d\u2019altitude.<\/p>\n<p>Le village est peupl\u00e9 depuis la pr\u00e9histoire, et fut d\u2019ailleurs un site pris\u00e9 et renomm\u00e9 d\u00e8s l\u2019\u00e9poque gallo-romaine pour ses eaux thermales. A l\u2019\u00e9poque, la station se nommait \u00ab Pagus Electensis \u00bb qui signifie : le lieu choisi, le lieu privil\u00e9gi\u00e9.<\/p>\n<p>\u200b<img loading=\"lazy\" decoding=\"async\" class=\"size-medium wp-image-242\" src=\"http:\/\/localhost\/~ben\/wordpress-4.8-fr_FR\/wordpress\/wp-content\/uploads\/2017\/08\/100_1499-214x300.jpg\" alt=\"\" width=\"214\" height=\"300\" srcset=\"https:\/\/aletlesbains.com\/site\/wp-content\/uploads\/2017\/08\/100_1499-214x300.jpg 214w, https:\/\/aletlesbains.com\/site\/wp-content\/uploads\/2017\/08\/100_1499-768x1075.jpg 768w, https:\/\/aletlesbains.com\/site\/wp-content\/uploads\/2017\/08\/100_1499-732x1024.jpg 732w, https:\/\/aletlesbains.com\/site\/wp-content\/uploads\/2017\/08\/100_1499.jpg 1266w\" sizes=\"auto, (max-width: 214px) 100vw, 214px\" \/><\/p>\n<p>L\u2019histoire du village est \u00e9troitement li\u00e9e \u00e0 celle de l\u2019abbaye b\u00e9n\u00e9dictine qui fut fond\u00e9e au IX\u00e8me si\u00e8cle et qui est d\u00e9di\u00e9e \u00e0 Notre Dame. Le village fut fortifi\u00e9 par des remparts et des foss\u00e9s \u00e0 la fin du XII\u00e8me si\u00e8cle.<\/p>\n<p>En 1318, Alet devient le si\u00e8ge d\u2019un nouvel \u00e9v\u00each\u00e9 et la cit\u00e9 conna\u00eet un d\u00e9veloppement interrompu aux XVI\u00b0 par les guerres de religions \u00e0 l\u2019origine de la destruction de la cath\u00e9drale ainsi que de nombreuses maisons de la commune.<\/p>\n<p>En parcourant les rues du village, vous aurez sans doute l\u2019impression de remonter le temps. De l\u2019ancien columbarium romain aux maisons m\u00e9di\u00e9vales en passant par les belles demeures de la renaissance, quelques pas suffiront pour remonter les si\u00e8cles.<\/p>\n<img loading=\"lazy\" decoding=\"async\" class=\"size-medium wp-image-248\" src=\"http:\/\/localhost\/~ben\/wordpress-4.8-fr_FR\/wordpress\/wp-content\/uploads\/2017\/08\/100_1342-300x254.jpg\" alt=\"\" width=\"300\" height=\"254\" srcset=\"https:\/\/aletlesbains.com\/site\/wp-content\/uploads\/2017\/08\/100_1342-300x254.jpg 300w, https:\/\/aletlesbains.com\/site\/wp-content\/uploads\/2017\/08\/100_1342-768x649.jpg 768w, https:\/\/aletlesbains.com\/site\/wp-content\/uploads\/2017\/08\/100_1342-1024x866.jpg 1024w\" sizes=\"auto, (max-width: 300px) 100vw, 300px\" \/><\/p>\n<p>Parmi les ruelles \u00e9troites et ombrag\u00e9es par les encorbellements de fa\u00e7ades, observez \u00e0 l&rsquo;angle de la rue Malbec, la sculpture des poutres et retenez le nom l\u00e9gendaire de son locataire: Nostradamus.<\/p>\n<p>Au XVII\u00e8me si\u00e8cle, l\u2019\u00e9v\u00eaque Nicolas Pavillon fera construire le pont qui enjambe l\u2019Aude. Pour apporter plus de confort \u00e0 ses paroissiens, il dota la ville d&rsquo;un syst\u00e8me d\u2019irrigation perfectionn\u00e9 ainsi que d\u2019un s\u00e9minaire et d&rsquo;une institution \u00ab\u00a0la maison des R\u00e9gentes\u00a0\u00bb pour les filles.","protected":false},"excerpt":{"rendered":"<p>Entre nature, culture et patrimoine, le village d\u2019Alet les bains propose un cadre agr\u00e9able et relaxant pour les vacances en famille ou entre amis. Alet les bains se situe \u00e0 une trentaine de kilom\u00e8tres au sud de la cit\u00e9 de Carcassonne et \u00e0 8 kilom\u00e8tres en amont de Limoux. La cit\u00e9 d\u2019Alet les bains se [&hellip;]<\/p>\n","protected":false},"author":1,"featured_media":0,"parent":0,"menu_order":0,"comment_status":"closed","ping_status":"closed","template":"","meta":{"_et_pb_use_builder":"","_et_pb_old_content":"","_et_gb_content_width":"","footnotes":""},"categories":[],"tags":[],"class_list":["post-148","page","type-page","status-publish","hentry"],"yoast_head":"<!-- This site is optimized with the Yoast SEO plugin v27.1.1 - https:\/\/yoast.com\/product\/yoast-seo-wordpress\/ -->\n<title>Le village - Mairie d&#039;Alet les bains - site Officiel<\/title>\n<meta name=\"robots\" content=\"index, follow, max-snippet:-1, max-image-preview:large, max-video-preview:-1\" \/>\n<link rel=\"canonical\" href=\"https:\/\/aletlesbains.com\/site\/le-village\/\" \/>\n<meta property=\"og:locale\" content=\"fr_FR\" \/>\n<meta property=\"og:type\" content=\"article\" \/>\n<meta property=\"og:title\" content=\"[:fr]Le village[:en] The village[:es]El pueblo[:] - Mairie d&#039;Alet les bains - site Officiel\" \/>\n<meta property=\"og:description\" content=\"Entre nature, culture et patrimoine, le village d\u2019Alet les bains propose un cadre agr\u00e9able et relaxant pour les vacances en famille ou entre amis. Alet les bains se situe \u00e0 une trentaine de kilom\u00e8tres au sud de la cit\u00e9 de Carcassonne et \u00e0 8 kilom\u00e8tres en amont de Limoux. La cit\u00e9 d\u2019Alet les bains se [&hellip;]\" \/>\n<meta property=\"og:url\" content=\"https:\/\/aletlesbains.com\/site\/le-village\/\" \/>\n<meta property=\"og:site_name\" content=\"Mairie d&#039;Alet les bains - site Officiel\" \/>\n<meta property=\"article:modified_time\" content=\"2017-09-25T20:20:06+00:00\" \/>\n<meta property=\"og:image\" content=\"http:\/\/localhost\/~ben\/wordpress-4.8-fr_FR\/wordpress\/wp-content\/uploads\/2017\/08\/arcadesL-300x225.jpg\" \/>\n<meta name=\"twitter:card\" content=\"summary_large_image\" \/>\n<meta name=\"twitter:label1\" content=\"Dur\u00e9e de lecture estim\u00e9e\" \/>\n\t<meta name=\"twitter:data1\" content=\"5 minutes\" \/>\n<script type=\"application\/ld+json\" class=\"yoast-schema-graph\">{\"@context\":\"https:\/\/schema.org\",\"@graph\":[{\"@type\":\"WebPage\",\"@id\":\"https:\/\/aletlesbains.com\/site\/le-village\/\",\"url\":\"https:\/\/aletlesbains.com\/site\/le-village\/\",\"name\":\"[:fr]Le village[:en] The village[:es]El pueblo[:] - Mairie d&#039;Alet les bains - site Officiel\",\"isPartOf\":{\"@id\":\"https:\/\/aletlesbains.com\/site\/#website\"},\"primaryImageOfPage\":{\"@id\":\"https:\/\/aletlesbains.com\/site\/le-village\/#primaryimage\"},\"image\":{\"@id\":\"https:\/\/aletlesbains.com\/site\/le-village\/#primaryimage\"},\"thumbnailUrl\":\"http:\/\/localhost\/~ben\/wordpress-4.8-fr_FR\/wordpress\/wp-content\/uploads\/2017\/08\/arcadesL-300x225.jpg\",\"datePublished\":\"2017-08-28T11:19:19+00:00\",\"dateModified\":\"2017-09-25T20:20:06+00:00\",\"breadcrumb\":{\"@id\":\"https:\/\/aletlesbains.com\/site\/le-village\/#breadcrumb\"},\"inLanguage\":\"fr-FR\",\"potentialAction\":[{\"@type\":\"ReadAction\",\"target\":[\"https:\/\/aletlesbains.com\/site\/le-village\/\"]}]},{\"@type\":\"ImageObject\",\"inLanguage\":\"fr-FR\",\"@id\":\"https:\/\/aletlesbains.com\/site\/le-village\/#primaryimage\",\"url\":\"http:\/\/localhost\/~ben\/wordpress-4.8-fr_FR\/wordpress\/wp-content\/uploads\/2017\/08\/arcadesL-300x225.jpg\",\"contentUrl\":\"http:\/\/localhost\/~ben\/wordpress-4.8-fr_FR\/wordpress\/wp-content\/uploads\/2017\/08\/arcadesL-300x225.jpg\"},{\"@type\":\"BreadcrumbList\",\"@id\":\"https:\/\/aletlesbains.com\/site\/le-village\/#breadcrumb\",\"itemListElement\":[{\"@type\":\"ListItem\",\"position\":1,\"name\":\"Accueil\",\"item\":\"https:\/\/aletlesbains.com\/site\/\"},{\"@type\":\"ListItem\",\"position\":2,\"name\":\"Le village\"}]},{\"@type\":\"WebSite\",\"@id\":\"https:\/\/aletlesbains.com\/site\/#website\",\"url\":\"https:\/\/aletlesbains.com\/site\/\",\"name\":\"Mairie d&#039;Alet les bains - site Officiel\",\"description\":\"Village Mill\u00e9naire\",\"potentialAction\":[{\"@type\":\"SearchAction\",\"target\":{\"@type\":\"EntryPoint\",\"urlTemplate\":\"https:\/\/aletlesbains.com\/site\/?s={search_term_string}\"},\"query-input\":{\"@type\":\"PropertyValueSpecification\",\"valueRequired\":true,\"valueName\":\"search_term_string\"}}],\"inLanguage\":\"fr-FR\"}]}<\/script>\n<!-- \/ Yoast SEO plugin. -->","yoast_head_json":{"title":"[:fr]Le village[:en] The village[:es]El pueblo[:] - Mairie d&#039;Alet les bains - site Officiel","robots":{"index":"index","follow":"follow","max-snippet":"max-snippet:-1","max-image-preview":"max-image-preview:large","max-video-preview":"max-video-preview:-1"},"canonical":"https:\/\/aletlesbains.com\/site\/le-village\/","og_locale":"fr_FR","og_type":"article","og_title":"[:fr]Le village[:en] The village[:es]El pueblo[:] - Mairie d&#039;Alet les bains - site Officiel","og_description":"Entre nature, culture et patrimoine, le village d\u2019Alet les bains propose un cadre agr\u00e9able et relaxant pour les vacances en famille ou entre amis. Alet les bains se situe \u00e0 une trentaine de kilom\u00e8tres au sud de la cit\u00e9 de Carcassonne et \u00e0 8 kilom\u00e8tres en amont de Limoux. La cit\u00e9 d\u2019Alet les bains se [&hellip;]","og_url":"https:\/\/aletlesbains.com\/site\/le-village\/","og_site_name":"Mairie d&#039;Alet les bains - site Officiel","article_modified_time":"2017-09-25T20:20:06+00:00","og_image":[{"url":"http:\/\/localhost\/~ben\/wordpress-4.8-fr_FR\/wordpress\/wp-content\/uploads\/2017\/08\/arcadesL-300x225.jpg","type":"","width":"","height":""}],"twitter_card":"summary_large_image","twitter_misc":{"Dur\u00e9e de lecture estim\u00e9e":"5 minutes"},"schema":{"@context":"https:\/\/schema.org","@graph":[{"@type":"WebPage","@id":"https:\/\/aletlesbains.com\/site\/le-village\/","url":"https:\/\/aletlesbains.com\/site\/le-village\/","name":"[:fr]Le village[:en] The village[:es]El pueblo[:] - Mairie d&#039;Alet les bains - site Officiel","isPartOf":{"@id":"https:\/\/aletlesbains.com\/site\/#website"},"primaryImageOfPage":{"@id":"https:\/\/aletlesbains.com\/site\/le-village\/#primaryimage"},"image":{"@id":"https:\/\/aletlesbains.com\/site\/le-village\/#primaryimage"},"thumbnailUrl":"http:\/\/localhost\/~ben\/wordpress-4.8-fr_FR\/wordpress\/wp-content\/uploads\/2017\/08\/arcadesL-300x225.jpg","datePublished":"2017-08-28T11:19:19+00:00","dateModified":"2017-09-25T20:20:06+00:00","breadcrumb":{"@id":"https:\/\/aletlesbains.com\/site\/le-village\/#breadcrumb"},"inLanguage":"fr-FR","potentialAction":[{"@type":"ReadAction","target":["https:\/\/aletlesbains.com\/site\/le-village\/"]}]},{"@type":"ImageObject","inLanguage":"fr-FR","@id":"https:\/\/aletlesbains.com\/site\/le-village\/#primaryimage","url":"http:\/\/localhost\/~ben\/wordpress-4.8-fr_FR\/wordpress\/wp-content\/uploads\/2017\/08\/arcadesL-300x225.jpg","contentUrl":"http:\/\/localhost\/~ben\/wordpress-4.8-fr_FR\/wordpress\/wp-content\/uploads\/2017\/08\/arcadesL-300x225.jpg"},{"@type":"BreadcrumbList","@id":"https:\/\/aletlesbains.com\/site\/le-village\/#breadcrumb","itemListElement":[{"@type":"ListItem","position":1,"name":"Accueil","item":"https:\/\/aletlesbains.com\/site\/"},{"@type":"ListItem","position":2,"name":"Le village"}]},{"@type":"WebSite","@id":"https:\/\/aletlesbains.com\/site\/#website","url":"https:\/\/aletlesbains.com\/site\/","name":"Mairie d&#039;Alet les bains - site Officiel","description":"Village Mill\u00e9naire","potentialAction":[{"@type":"SearchAction","target":{"@type":"EntryPoint","urlTemplate":"https:\/\/aletlesbains.com\/site\/?s={search_term_string}"},"query-input":{"@type":"PropertyValueSpecification","valueRequired":true,"valueName":"search_term_string"}}],"inLanguage":"fr-FR"}]}},"_links":{"self":[{"href":"https:\/\/aletlesbains.com\/site\/wp-json\/wp\/v2\/pages\/148","targetHints":{"allow":["GET"]}}],"collection":[{"href":"https:\/\/aletlesbains.com\/site\/wp-json\/wp\/v2\/pages"}],"about":[{"href":"https:\/\/aletlesbains.com\/site\/wp-json\/wp\/v2\/types\/page"}],"author":[{"embeddable":true,"href":"https:\/\/aletlesbains.com\/site\/wp-json\/wp\/v2\/users\/1"}],"replies":[{"embeddable":true,"href":"https:\/\/aletlesbains.com\/site\/wp-json\/wp\/v2\/comments?post=148"}],"version-history":[{"count":27,"href":"https:\/\/aletlesbains.com\/site\/wp-json\/wp\/v2\/pages\/148\/revisions"}],"predecessor-version":[{"id":573,"href":"https:\/\/aletlesbains.com\/site\/wp-json\/wp\/v2\/pages\/148\/revisions\/573"}],"wp:attachment":[{"href":"https:\/\/aletlesbains.com\/site\/wp-json\/wp\/v2\/media?parent=148"}],"wp:term":[{"taxonomy":"category","embeddable":true,"href":"https:\/\/aletlesbains.com\/site\/wp-json\/wp\/v2\/categories?post=148"},{"taxonomy":"post_tag","embeddable":true,"href":"https:\/\/aletlesbains.com\/site\/wp-json\/wp\/v2\/tags?post=148"}],"curies":[{"name":"wp","href":"https:\/\/api.w.org\/{rel}","templated":true}]}}